alculate k(4).
7
Let y(g) = g + 33. What is y(-14)?
19
Let j(t) = t**2 - 16*t - 5. Calculate j(16).
-5
Let r(i) = i**3 - i**2 - 3*i - 4. Determine r(3).
5
Let m(f) = f**3 + 18*f**2 + 24*f + 30. Calculate m(-16).
158
Let d(i) = -i**2 + 2*i + 12. What is d(-3)?
-3
Let j(m) = -m**3 + 9*m**2 - 6*m - 9. Give j(8).
7
Let m(f) = f**3 + 8*f**2 + 7*f + 9. What is m(-6)?
39
Let s(q) = -q**3 + 9*q**2 + 9*q + 6. Give s(10).
-4
Let c(r) = -r - 7. What is c(-1)?
-6
Let x(v) = -2*v + 57. Determine x(14).
29
Let u(h) = h**3 + 2*h**2 + 2. Give u(-3).
-7
Let x(p) = -p**2 - 2*p + 3. Give x(-5).
-12
Let q(k) = -15*k**2 - 2. What is q(-2)?
-62
Let m(a) = 9*a + 143. Determine m(-13).
26
Let z(r) = -r**2 + r + 52. What is z(-8)?
-20
Let a(x) = -x**3 + 20*x**2 - 17*x + 14. Calculate a(19).
52
Let v(a) = a**3 + 7*a**2 - a + 1. Calculate v(-7).
8
Let f(v) = -v**2 - 13*v - 27. What is f(-6)?
15
Let s(o) = o**2 + 12*o + 14. Give s(-10).
-6
Let l(i) = i**2 - 21*i - 28. Determine l(22).
-6
Let o(x) = -x**2 - 19*x + 17. Calculate o(-19).
17
Let w(r) = -r**3 - 13*r**2 - 24*r - 37. Give w(-11).
-15
Let p(q) = 2*q**3 + 42*q**2 - 44*q + 7. What is p(-22)?
7
Let m(a) = -4*a**2 - 6*a - 2. Calculate m(-2).
-6
Let q(v) = -11*v**3 - 2*v**2 + 3. What is q(2)?
-93
Let p(l) = 5*l**2 - 4*l + 1. What is p(3)?
34
Let d(t) = -t**2 - 12*t - 37. Determine d(-13).
-50
Let z(q) = q**2 + 36*q + 57. Give z(-34).
-11
Let g(i) = -i**2 + 16*i + 33. Determine g(16).
33
Let g(f) = f**3 - 2*f**2 - 4*f + 1. Determine g(-2).
-7
Let a(h) = -h - 6. What is a(-6)?
0
Let c(n) = -n - 29. What is c(-12)?
-17
Let f(y) = -y**3 + 12*y**2 + 10. Give f(12).
10
Let f(a) = 38*a - 1. Determine f(1).
37
Let h(g) = 6*g - 147. Give h(24).
-3
Let d(j) = 25*j + 78. What is d(-3)?
3
Let z(c) = -7*c - 84. Determine z(-10).
-14
Let c(f) = -10*f**3 + 3*f**2 + 43*f - 44. Determine c(1).
-8
Let x(h) = h**2 - 13*h + 32. What is x(5)?
-8
Let y(m) = -16*m + 22. Calculate y(1).
6
Let x(c) = -c**2 - 18*c + 31. Calculate x(-20).
-9
Let c(y) = 2*y**2 - 3. Give c(-4).
29
Let r(g) = -g**3 + 21*g**2 - 39*g - 28. Determine r(19).
-47
Let v(h) = h**2 - 20*h - 8. Calculate v(15).
-83
Let m(x) = -2*x**2 - 4*x - 25. Determine m(0).
-25
Let t(l) = -4*l**2 + 43*l - 3. Give t(10).
27
Let l(z) = 2*z. Give l(-4).
-8
Let p(h) = -h**3 + 6*h**2 + 11*h + 4. Calculate p(8).
-36
Let x(f) = 2*f - 33. Give x(20).
7
Let k(c) = c**2 + 19*c + 79. Give k(-6).
1
Let y(v) = 72*v + 354. What is y(-5)?
-6
Let m(a) = -46*a + 324. Calculate m(7).
2
Let t(y) = -y**2 + 21*y - 105. Calculate t(11).
5
Let a(u) = -u**2 + 5*u - 6. What is a(5)?
-6
Let t(d) = d - 9. Give t(2).
-7
Let y(z) = -4*z**2 - 6*z - 1. Determine y(-2).
-5
Let m(j) = -6*j - 49. Give m(-7).
-7
Let v(k) = k**2 + 8*k + 7. Give v(-6).
-5
Let y(w) = -w**3 + w + 4. Calculate y(0).
4
Let w(h) = 3*h - 20. Calculate w(8).
4
Let n(f) = -6*f + 4. What is n(4)?
-20
Let f(b) = 35*b + 154. What is f(-4)?
14
Let s(d) = 2*d**2 + 16*d + 11. Determine s(-11).
77
Let a(n) = n**3 + 5*n**2 - 7*n - 34. Determine a(-4).
10
Let b(j) = -j**2 + 15*j - 13. Calculate b(13).
13
Let t(h) = h**3 - 4*h**2 - 4*h. Give t(5).
5
Let x(v) = 6*v + 5. What is x(-2)?
-7
Let r(y) = -y**2 + 10*y - 18. Calculate r(4).
6
Let g(p) = -10*p + 41. What is g(5)?
-9
Let s(x) = -x**3 + 6*x**2 - 3*x + 5. What is s(6)?
-13
Let r(n) = 2*n**3 + 15*n + 14. Calculate r(-1).
-3
Let d(l) = 115*l - 3. What is d(-1)?
-118
Let c(t) = -t**2 - 7*t - 6. Determine c(-4).
6
Let n(s) = s**2 - 5*s - 28. What is n(-7)?
56
Let l(i) = -i**3 + 4*i**2 + 6*i + 9. Give l(5).
14
Let c(z) = -z**2 - 2*z - 2. Calculate c(-2).
-2
Let r(x) = -2*x**2 - 8. What is r(0)?
-8
Let f(z) = 2*z**2 - 19*z + 10. Determine f(8).
-14
Let d(x) = -24*x + 38. What is d(-5)?
158
Let z(x) = 16*x - 99. Determine z(4).
-35
Let i(v) = -v**3 - 6*v**2 - v + 6. Calculate i(-6).
12
Let a(y) = -y**3 - 19*y**2 - 2*y - 25. What is a(-19)?
13
Let k(o) = -8*o + 302. Calculate k(38).
-2
Let l(d) = -d**3 + 7*d**2 - 15*d + 96. Calculate l(6).
42
Let j(k) = k**3 + 8*k**2 - 9*k + 1. What is j(-9)?
1
Let b(m) = 2*m - 170. Calculate b(0).
-170
Let i(q) = 5*q + 20. What is i(-2)?
10
Let q(v) = 6*v - 25. Calculate q(-11).
-91
Let k(f) = -3*f**3 - 2*f - 1. Determine k(-1).
4
Let k(u) = u**3 + 11*u**2 + 11*u + 20. Determine k(-11).
-101
Let r(c) = -11*c**3 + c - 1. Calculate r(1).
-11
Let s(u) = 8*u**2 - 54*u + 3. What is s(7)?
17
Let i(s) = 16*s + 16. Give i(7).
128
Let z(t) = t - 7. Give z(10).
3
Let m(d) = d**2 + 2*d - 9. Determine m(-7).
26
Let t(k) = -31*k - 1. Determine t(1).
-32
Let t(q) = 7*q - 34. Calculate t(-17).
-153
Let m(l) = l**3 - 4*l**2 - 7*l - 2. Determine m(6).
28
Let n(b) = -b + 11. What is n(0)?
11
Let h(n) = 8*n - 42. Give h(8).
22
Let q(u) = u**3 + 5*u**2 - 4*u + 4. Give q(-6).
-8
Let y(t) = t**2 - 18*t + 7. Calculate y(17).
-10
Let n(a) = -a - 2. Determine n(3).
-5
Let r(k) = -2*k + 8. What is r(-12)?
32
Let i(z) = z**2 - 32. Calculate i(0).
-32
Let h(x) = -18*x - 27. Calculate h(-4).
45
Let c(u) = -u**3 + 18*u**2 - 2*u + 29. Determine c(18).
-7
Let f(x) = 2*x**2 + 27*x + 12. Calculate f(-9).
-69
Let d(f) = -f**3 - 11*f**2 - 10*f + 7. Determine d(-8).
-105
Let k(u) = u**3 - 16*u**2 + 13*u + 2. Determine k(15).
-28
Let b(p) = -5*p + 60. Give b(11).
5
Let w(q) = -3*q + 20. Calculate w(7).
-1
Let l(z) = -z**3 + z**2 + 2*z - 4. Determine l(-3).
26
Let z(g) = -2*g**2 + 199*g + 106. What is z(100)?
6
Let f(w) = -w**2 + 3*w + 33. Give f(-5).
-7
Let u(a) = -5*a**2 + 2*a - 2. Calculate u(2).
-18
Let c(m) = -m**2 + m - 4. Determine c(3).
-10
Let u(a) = 30*a + 85. What is u(-3)?
-5
Let n(o) = -o - 3. Calculate n(-9).
6
Let o(k) = k**2 + 12*k - 13. What is o(-11)?
-24
Let h(s) = s**2 - 3*s - 3. Calculate h(4).
1
Let p(g) = -2*g**2 - 17*g + 7. Determine p(-5).
42
Let q(k) = -k**3 + 6*k**2 - 9*k + 8. Calculate q(4).
4
Let n(y) = -12*y + 301. What is n(25)?
1
Let j(w) = -6*w - 26. Calculate j(-6).
10
Let n(i) = i**2 - 6*i + 1. What is n(5)?
-4
Let u(p) = p**3 - 7*p**2 + 9*p + 14. What is u(6)?
32
Let j(t) = 8*t + 43. Give j(-6).
-5
Let l(q) = 2*q + 25. What is l(2)?
29
Let r(v) = v**3 - 9*v**2 + 8*v - 6. Give r(8).
-6
Let t(n) = -n**3 - 28*n**2 - 28*n - 23. Calculate t(-27).
4
Let z(a) = -a**2 - 26*a - 147. Give z(-6).
-27
Let a(z) = -4*z**3 - 2*z**2 + 2*z. Determine a(-2).
20
Let j(u) = -u**2 - 16*u - 32. Determine j(-14).
-4
Let x(t) = t**2 - 16*t + 40. Determine x(12).
-8
Let s(n) = -2*n + 7. Calculate s(-6).
19
Let u(p) = -3*p**2 + 64*p. Calculate u(23).
-115
Let q(n) = -5*n**2 - 16*n - 3. Determine q(-2).
9
Let q(o) = -13*o**2 - 2*o - 2. Give q(-1).
-13
Let b(t) = -t**3 - 14*t**2 - 14*t + 117. Give b(-12).
-3
Let y(b) = -b**2 + 4*b + 2. What is y(4)?
2
Let o(d) = -d**3 - 26*d**2 + 10. Calculate o(-26).
10
Let l(j) = -2*j - 17. What is l(-8)?
-1
Let c(o) = -o + 18. Determine c(14).
4
Let t(d) = -3*d**2 + 14*d - 12. Calculate t(5).
-17
Let w(z) = z**2 + z. Determine w(1).
2
Let l(i) = i**3 - 26*i**2 + 125*i - 29. Determine l(6).
1
Let i(q) = -19*q + 3. Determine i(2).
-35
Let m(r) = r**3 - 11*r**2 + 12*r - 2. Determine m(8).
-98
Let m(u) = -9*u**2 - 12*u - 2. Determine m(-2).
-14
Let c(q) = q**3 - 11*q**2 - 14*q + 17. What is c(12)?
-7
Let f(b) = b**3 + 6*b**2 + 4*b - 2. Determine f(-2).
6
Let b(t) = 10*t**3 - t**2 + t + 8. Give b(-2).
-78
Let r(s) = s**2 - s - 11. Calculate r(-5).
19
Let t(l) = 6*l**3 - 2*l + 2. What is t(1)?
6
Let o(k) = 7*k**3 - 2*k + 1. What is o(1)?
6
Let a(d) = -d**3 - 8*d**2 - 2*d - 17. What is a(-8)?
-1
Let m(y) = -y**2 - 20*y - 73. What is m(-5)?
2
Let l(n) = -4*n**3 + 5*n**2 - 5*n + 5. Determine l(2).
-17
Let b(j) = 11*j. What is b(-2)?
-22
Let u(k) = 52*k**2 - 103*k - 8. Give u(2).
-6
Let d(q) = 2*q**2 + 26*q + 8. Give d(-13).
8
Let s(t) = 2*t**2 + 2*t. Determine s(2).
12
Let x(k) = k**3 - 12*k**2 - 5*k - 22. Calculate x(11).
-198
Let p(l) = l**2 + 12*l + 10. Calculate p(-10).
-10
Let y(n) = -4*n**3 - n**2 - 6*n. What is y(-2)?
40
Let h(d) = -2*d - 15. Give h(-15).
15
Let b(m) = -m**3 + 5*m**2 - 4*m + 3. Calculate b(3).
9
Let i(d) = -2*d**3 - 4*d**2 + 5. Determine i(-2).
5
Let n(b) = 29*b + 551. Calculate n(-19).
0
Let o(x) = -x**3 - 10*x**2 - 7*x - 12. Calculate o(-9).
-30
Let h(b) = 6*b - 211. Calculate h(37).
11
Let b(f) = 57*f - 4. Give b(1).
53
Let x(g) = g**2 - 10*g. De